{"id":483,"date":"2024-09-09T19:15:50","date_gmt":"2024-09-09T17:15:50","guid":{"rendered":"https:\/\/aikido.tuchola.pl\/?page_id=483"},"modified":"2024-09-09T19:51:58","modified_gmt":"2024-09-09T17:51:58","slug":"nasi-mistrzowie","status":"publish","type":"page","link":"https:\/\/aikido.tuchola.pl\/?page_id=483","title":{"rendered":"Nasi Mistrzowie"},"content":{"rendered":"\n<p>Za\u0142o\u017cycielem Tucholskiego Klubu Aikido i prowadz\u0105cym zaj\u0119cia jest sensei Artemi Mechli\u0144ski 5 Dan aikido aikikai.<\/p>\n\n\n\n<p><img decoding=\"async\" loading=\"lazy\" width=\"1536\" height=\"2048\" class=\"wp-image-499\" style=\"width: 200px;\" src=\"http:\/\/aikido.tuchola.pl\/wp-content\/uploads\/2024\/09\/ND86354.jpg\" alt=\"\" srcset=\"https:\/\/aikido.tuchola.pl\/wp-content\/uploads\/2024\/09\/ND86354.jpg 1536w, https:\/\/aikido.tuchola.pl\/wp-content\/uploads\/2024\/09\/ND86354-225x300.jpg 225w, https:\/\/aikido.tuchola.pl\/wp-content\/uploads\/2024\/09\/ND86354-768x1024.jpg 768w, https:\/\/aikido.tuchola.pl\/wp-content\/uploads\/2024\/09\/ND86354-1152x1536.jpg 1152w, https:\/\/aikido.tuchola.pl\/wp-content\/uploads\/2024\/09\/ND86354-158x210.jpg 158w\" sizes=\"(max-width: 1536px) 100vw, 1536px\" \/><\/p>\n\n\n\n<p>Sensei Mechli\u0144ski nauk\u0119 aikido rozpocz\u0105\u0142 jeszcze na studiach w Bydgoszczy. Po powrocie w rodzinne strony treningi kontynuowa\u0142 w pobliskich Chojnicach, a nast\u0119pnie w Z\u0142otowskim Klubie Aikido w Z\u0142otowie. W\u0142a\u015bciwie od samego pocz\u0105tku, a\u017c po dzie\u0144 dzisiejszy Jego g\u0142\u00f3wnym nauczycielem jest sensei Marian Wi\u015bniewski Shihan. I to pod jego okiem zdawa\u0142 na kolejne stopnie uczniowskie KYU oraz zdobywa\u0142 mistrzowskie pasy DAN. Aikido, jakie nauczane jest w Tucholskim Klubie Aikido jest odzwierciedleniem aikido trenowanym u sensei Wi\u015bniewskiego.<\/p>\n\n\n\n<p><img decoding=\"async\" loading=\"lazy\" width=\"2048\" height=\"1384\" class=\"wp-image-501\" style=\"width: 300px;\" src=\"http:\/\/aikido.tuchola.pl\/wp-content\/uploads\/2024\/09\/ND86062.jpg\" alt=\"\" srcset=\"https:\/\/aikido.tuchola.pl\/wp-content\/uploads\/2024\/09\/ND86062.jpg 2048w, https:\/\/aikido.tuchola.pl\/wp-content\/uploads\/2024\/09\/ND86062-300x203.jpg 300w, https:\/\/aikido.tuchola.pl\/wp-content\/uploads\/2024\/09\/ND86062-1024x692.jpg 1024w, https:\/\/aikido.tuchola.pl\/wp-content\/uploads\/2024\/09\/ND86062-768x519.jpg 768w, https:\/\/aikido.tuchola.pl\/wp-content\/uploads\/2024\/09\/ND86062-1536x1038.jpg 1536w, https:\/\/aikido.tuchola.pl\/wp-content\/uploads\/2024\/09\/ND86062-210x142.jpg 210w\" sizes=\"(max-width: 2048px) 100vw, 2048px\" \/><\/p>\n\n\n\n<p>Tucholski Klub Aikido zrzeszony jest w Polskiej Federacji Aikido, kt\u00f3ra jest najwi\u0119ksz\u0105 organizacj\u0105 aikidok\u00f3w w Polsce. <\/p>\n\n\n\n<p>Aikido mo\u017cna trenowa\u0107 na wiele sposob\u00f3w i u r\u00f3\u017cnych Mistrz\u00f3w. Mimo ewolucji i zmian jakie zachodz\u0105 w aikido wszystkie s\u0105 dobre, pi\u0119kne i skuteczne z punktu widzenia Sztuki Walki. Nauk\u0119 warto czerpa\u0107 z r\u00f3\u017cnych \u017ar\u00f3de\u0142 bez kierowania si\u0119 zale\u017cno\u015bciami kt\u00f3re nie maja znaczenia. Przynale\u017cno\u015b\u0107 do okre\u015blonej federacji, stowarzyszenia nie jest wa\u017cna. Ka\u017cdy z wielkich mistrz\u00f3w ma w sobie co\u015b warto\u015bciowego co warto przysposobi\u0107 do swojego warsztatu. Jeste\u015bmy otwarci na ka\u017cdego nauczyciela i bardzo ch\u0119tnie uczestniczymy, jako Klub, w seminariach r\u00f3\u017cnych Mistrz\u00f3w.<\/p>\n\n\n\n<p>Jednak, od kilkunastu lat, odk\u0105d Z\u0142otowski Klub Aikido nawi\u0105za\u0142 wsp\u00f3\u0142prac\u0119 z Iwama Dojo w Japonii naszymi mistrzami i wzorami do na\u015bladowania s\u0105:<\/p>\n\n\n\n<p>sensei Hiroshi Isoyama Shihan 8 Dan<\/p>\n\n\n\n<p>oraz Shigemi Inagaki Shihan 8 Dan.<\/p>\n\n\n\n<p> <img decoding=\"async\" loading=\"lazy\" width=\"2560\" height=\"1708\" class=\"wp-image-492\" style=\"width: 300px;\" src=\"http:\/\/aikido.tuchola.pl\/wp-content\/uploads\/2024\/09\/20230824-IDT03101-untitled-scaled.jpg\" alt=\"\" srcset=\"https:\/\/aikido.tuchola.pl\/wp-content\/uploads\/2024\/09\/20230824-IDT03101-untitled-scaled.jpg 2560w, https:\/\/aikido.tuchola.pl\/wp-content\/uploads\/2024\/09\/20230824-IDT03101-untitled-300x200.jpg 300w, https:\/\/aikido.tuchola.pl\/wp-content\/uploads\/2024\/09\/20230824-IDT03101-untitled-1024x683.jpg 1024w, https:\/\/aikido.tuchola.pl\/wp-content\/uploads\/2024\/09\/20230824-IDT03101-untitled-768x512.jpg 768w, https:\/\/aikido.tuchola.pl\/wp-content\/uploads\/2024\/09\/20230824-IDT03101-untitled-1536x1025.jpg 1536w, https:\/\/aikido.tuchola.pl\/wp-content\/uploads\/2024\/09\/20230824-IDT03101-untitled-2048x1366.jpg 2048w, https:\/\/aikido.tuchola.pl\/wp-content\/uploads\/2024\/09\/20230824-IDT03101-untitled-210x140.jpg 210w\" sizes=\"(max-width: 2560px) 100vw, 2560px\" \/><\/p>\n\n\n\n<p>Aikido nauczane w Iwama Dojo jest systemem technik aikido w niezmienionej formie i kszta\u0142cie takim jakim naucza\u0142 O&#8217;sensei Ueshiba. Dzi\u0119ki wsp\u00f3\u0142pracy jaka nawi\u0105za\u0142a si\u0119 mi\u0119dzy Z\u0142otowskim Klubem Aikido i Iwama Dojo  sensei Wi\u015bniewski systematycznie organizuje Letnie Obozy Aikido i seminaria kt\u00f3rego go\u015b\u0107mi i prowadz\u0105cymi treningi s\u0105: wcze\u015bniej &#8211; sensei Hiroshi Isoyama Shihan , a obecnie &#8211; sensei Shigemi Inagaki Shihan. W czasie owych oboz\u00f3w i sta\u017cy w Z\u0142otowie powiewaj\u0105 flagi uczestnik\u00f3w z pa\u0144stw z niemal ca\u0142ego \u015bwiata. Niemiec, Hiszpanii, Szwecji, Holandii, Ukrainy, Litwy, a nawet Stan\u00f3w Zjednoczonych Ameryki i wielu, wielu innych.<\/p>\n\n\n\n<p>Jednak, sensei Wi\u015bniewski nie poprzestaje tylko na zapraszaniu do Z\u0142otowa mistrz\u00f3w z Japonii ale r\u00f3wnie\u017c sam podr\u00f3\u017cuje do Iwama Dojo by z grupk\u0105 instruktor\u00f3w i uczni\u00f3w uzupe\u0142nia\u0107 nauki w miejscu, kt\u00f3re uwa\u017cane jest za kolebk\u0119 \u015bwiatowego aikido. Dzi\u0119ki tym podr\u00f3\u017com wiedza przekazywana jest na kolejne pokolenia \u0107wicz\u0105cych a duch aikido i przekaz O&#8217;sensei Ueshiby nie zostanie zapomniany.<\/p>\n\n\n\n<p><\/p>\n","protected":false},"excerpt":{"rendered":"<p>Za\u0142o\u017cycielem Tucholskiego Klubu Aikido i prowadz\u0105cym zaj\u0119cia jest sensei Artemi Mechli\u0144ski 5 Dan aikido aikikai. Sensei Mechli\u0144ski nauk\u0119 aikido rozpocz\u0105\u0142 jeszcze na studiach w Bydgoszczy. Po powrocie w rodzinne strony &hellip; <a class=\"readmore\" href=\"https:\/\/aikido.tuchola.pl\/?page_id=483\">Continue Reading &rarr;<\/a><\/p>\n","protected":false},"author":1,"featured_media":0,"parent":0,"menu_order":0,"comment_status":"closed","ping_status":"closed","template":"","meta":[],"_links":{"self":[{"href":"https:\/\/aikido.tuchola.pl\/index.php?rest_route=\/wp\/v2\/pages\/483"}],"collection":[{"href":"https:\/\/aikido.tuchola.pl\/index.php?rest_route=\/wp\/v2\/pages"}],"about":[{"href":"https:\/\/aikido.tuchola.pl\/index.php?rest_route=\/wp\/v2\/types\/page"}],"author":[{"embeddable":true,"href":"https:\/\/aikido.tuchola.pl\/index.php?rest_route=\/wp\/v2\/users\/1"}],"replies":[{"embeddable":true,"href":"https:\/\/aikido.tuchola.pl\/index.php?rest_route=%2Fwp%2Fv2%2Fcomments&post=483"}],"version-history":[{"count":12,"href":"https:\/\/aikido.tuchola.pl\/index.php?rest_route=\/wp\/v2\/pages\/483\/revisions"}],"predecessor-version":[{"id":504,"href":"https:\/\/aikido.tuchola.pl\/index.php?rest_route=\/wp\/v2\/pages\/483\/revisions\/504"}],"wp:attachment":[{"href":"https:\/\/aikido.tuchola.pl\/index.php?rest_route=%2Fwp%2Fv2%2Fmedia&parent=483"}],"curies":[{"name":"wp","href":"https:\/\/api.w.org\/{rel}","templated":true}]}}